(a) = -10*a - 5. Let v be y(-10). Suppose 5*x - v = -0*x. What are the prime factors of x?
19
Let m(g) = g - 11. Let w be m(11). Suppose w*d = -4*d + 28. What are the prime factors of d?
7
Suppose -5*i + c + 387 = 0, i + 2*c = -c + 71. What are the prime factors of i?
7, 11
Let p = 7 + 2. Suppose 3*y - p = 30. What are the prime factors of y?
13
Let r(x) = -26*x**3 - x**2 + x + 1. Let l be r(-1). Suppose -4*m + l = 5. What are the prime factors of m?
5
Suppose 0 = -4*n - 13 + 85. List the prime factors of n.
2, 3
Suppose -2*i + 3*u = -3*i + 87, -3*u + 435 = 5*i. Let z = i + -61. What are the prime factors of z?
2, 13
Suppose -7 = -2*i + 33. Suppose -r - r = -i. List the prime factors of r.
2, 5
Let u be 1/(-1)*1 - -86. Suppose -5*g - u = -10*g. What are the prime factors of g?
17
Let m(n) = n**3 - 7*n**2 + 4*n + 4. Let g(p) = -p**3 - 9*p**2 - 2*p - 12. Let j be g(-9). Let a be m(j). Let t = 15 + a. List the prime factors of t.
7
Suppose -5*d = -2*q + 147, q - 23 = d - q. Let o = -1 - d. Suppose 2*f - 4*y = o, -5*f - 4*y + 33 = -0*y. What are the prime factors of f?
3
What are the prime factors of 1/3*4518/(48/8)?
251
Let q(m) = 8*m**2 + 3*m - 2. Let x be q(-5). Let o be (-3)/15 - x/(-15). List the prime factors of (-6)/o*-2*11.
11
Suppose 4*m = -w + 124, 0 = -4*m + 3*m - w + 34. Suppose 5*g + m = 5*p - 0*p, 4*p = 3*g + 22. List the prime factors of (g/(-1))/(6/57).
19
Suppose 28*d - 16*d = 1644. What are the prime factors of d?
137
List the prime factors of (124 - -2)*3/6.
3, 7
What are the prime factors of 10*(63/(-2))/(-9)?
5, 7
What are the prime factors of (3/6)/((-1)/(-24))?
2, 3
Suppose 5*n + 15 - 205 = 0. What are the prime factors of n?
2, 19
Let r be ((-2)/(-3))/(3/(-18)). List the prime factors of (-21)/28 + (-63)/r.
3, 5
Suppose -2*h - 3*h - 4*c = 30, 3*c + 15 = 0. What are the prime factors of (-1)/h - (-35)/10?
2
Let o be (2/4)/(1/6). Suppose o*u - 3*i - 18 = 0, i - 20 = -5*u - 2. Let h = u + -1. What are the prime factors of h?
3
Suppose -1600 = -15*u + 11*u. List the prime factors of u.
2, 5
Suppose 9 = 4*f - 7. Suppose -3*l - i - f*i - 39 = 0, -l - 5*i = 23. Let j = l - -19. List the prime factors of j.
11
Let o = 3 + 0. Suppose o*w = -2*w + 45. Suppose -v + 4*v - w = 0. List the prime factors of v.
3
Let u(w) = -w**3 + 4*w**2 + 2. Let d = 3 + -3. Let y = 4 + d. List the prime factors of u(y).
2
Let g(y) = -y**2 + 14*y - 1. Let t(n) = -n**2 + 13*n - 6*n + 6*n. Let s(m) = -3*g(m) + 4*t(m). What are the prime factors of s(10)?
3
What are the prime factors of 1026/(-12)*(-4)/6?
3, 19
Suppose 0*h = -h - 1. Let r be (-1 + -5 - h)*-1. List the prime factors of ((-9)/r)/((-3)/15).
3
Suppose 5*d - n = 51, 3*d + 5 - 46 = -2*n. Suppose -f + d + 4 = 0. What are the prime factors of f?
3, 5
Let n(y) be the third derivative of y**4/12 + y**3/6 + 4*y**2. List the prime factors of n(7).
3, 5
Let k be 12 - (-3 + -1 - -8). Let t = 1 + k. List the prime factors of t.
3
Let q be 4/(-6) - (-34)/6. Suppose -q - 4 = -u. List the prime factors of 24/u*9/2.
2, 3
Suppose 9*r = 10*r - 65. List the prime factors of r.
5, 13
Let h = 1 + -6. Let y(t) = -4*t + 1. List the prime factors of y(h).
3, 7
List the prime factors of (-10)/40 - (-1755)/12.
2, 73
Let r = -4 + 2. Let p be ((-8)/(-6))/(r/(-3)). Suppose -2*v + p + 4 = 0. What are the prime factors of v?
3
Suppose 5*d - 3*s = -9, -4*d - 7 = -s + 3. What are the prime factors of (-1)/(1*d)*21?
7
Let x(q) = -2*q**3 - 36*q**2 - 7*q + 21. What are the prime factors of x(-18)?
3, 7
Suppose -6*d = -2*d + 3*s - 30, 0 = 4*d - 3*s - 18. Suppose -d = -0*q + 3*q. List the prime factors of (-2)/(2*q/20).
2, 5
Let f = 54 - 28. List the prime factors of f.
2, 13
Let v be -6*((-3)/(-9) - 1). Suppose 0 = v*h + 55 - 247. Suppose h = 5*t + 8. What are the prime factors of t?
2
Let k(z) = z**3. Let v be k(3). Suppose 3*a = -4 + 31. Suppose -3*x + v = -a. What are the prime factors of x?
2, 3
What are the prime factors of 3/(-7) - 1028/(-14)?
73
Suppose 0 = 2*i + 114 - 810. What are the prime factors of i?
2, 3, 29
Suppose -2*h - h = -4*t - 25, -3*h - 4*t = -17. Let n be -6 + h + (-3)/(-1). Suppose 4*q + n*f = -f + 33, 5*q = 2*f. List the prime factors of q.
2
Suppose 1 + 1 = 4*g + v, -3*g + 8 = 4*v. Let b(m) = m + m + g*m - 6. List the prime factors of b(8).
2, 5
Suppose 4*z = -10 + 54. List the prime factors of z.
11
Suppose 8 = 4*n + 5*p, 2*p + 2*p - 8 = -4*n. Suppose 5*k + 62 = 2. List the prime factors of -2*n*15/k.
5
Let t be ((-3)/(-1))/(3/(-2)). Let l = t - -6. What are the prime factors of l?
2
Let x = 80 + -58. What are the prime factors of x?
2, 11
Suppose -i + 25 = -0*i. Let k = 10 - 6. Suppose -k*s = -9*s - i, -40 = -5*q + 5*s. List the prime factors of q.
3
Suppose 0*s = -s. Suppose -3*x + 15 = -s*x. Let t(b) = -b**2 + 7*b - 5. What are the prime factors of t(x)?
5
Suppose 3*r = 2*n - 18, 5*r + 0 = 2*n - 22. What are the prime factors of -2*(1 + (-57)/n)?
17
Suppose 0 = 4*f - 4, -3*n + 5*n = f + 529. List the prime factors of n.
5, 53
Suppose 2*w - 30 = 56. List the prime factors of w.
43
Suppose s - 6*s = -430. List the prime factors of s.
2, 43
Suppose -3*j - 42 = -0*j. Let s = -7 - j. What are the prime factors of s?
7
Suppose -2*v + 110 = 3*v. What are the prime factors of v?
2, 11
Let l(w) = w**3 + 8*w**2 + 2. Let h be l(-8). Suppose -2*m - 5*i - 7 = -23, 2*m = 2*i + h. List the prime factors of m.
3
Let s be 73/5 + 12/30. Suppose 5 + s = -4*k. Let h(x) = -x**3 - 5*x**2 - 3*x - 3. What are the prime factors of h(k)?
2, 3
Suppose 12 = -x - 3*x - 4*p, 3*x + 1 = -p. Let r be (3/9)/(x/45). Let t = 1 + r. List the prime factors of t.
2
Let c(v) = 3*v - 11. Let k be c(8). Let l be (-86)/(-11) - (-4)/22. Let h = k - l. List the prime factors of h.
5
Let q(m) = -2*m - 16. Let x be q(-11). List the prime factors of ((-15)/x - -3)*46.
23
Let h be 5/(3 + 2*-1). Let v = 6 - h. Suppose -v = -2*g + 25. What are the prime factors of g?
13
Let a(c) = -c**2 - 6*c - 7. Let y(u) = 1. Let t(r) = a(r) + 4*y(r). Let j be t(-4). Suppose -j*o + o = -8. List the prime factors of o.
2
Suppose -8 = 2*y, 5*r = y - 2*y - 104. Let u(f) = 2*f + 52. Let o be u(-12). Let l = r + o. What are the prime factors of l?
2
Let v = -1 - 0. What are the prime factors of (-4)/2 - v*12?
2, 5
Let s = 21 + 191. What are the prime factors of s?
2, 53
Let u be 3/5 - 136/(-40). Let p = -2 + u. What are the prime factors of p?
2
Suppose -4*p = -0*p - 272. List the prime factors of p.
2, 17
Suppose -2*a + 230 = 4*m, 2*a = 4*m + 3*a - 235. List the prime factors of m.
2, 3, 5
Let q(k) be the first derivative of -3*k**4/4 + 2*k**2 + 3*k + 3. List the prime factors of q(-2).
19
Suppose -4*y - 3*m + 73 = 0, 3*y = 6*y + 2*m - 55. Suppose p + 7 = y. What are the prime factors of p?
2, 3
Let i(k) = k**3 - 2*k**2 - 3*k + 2. Let g be i(3). Suppose -g*u = -27 + 5. What are the prime factors of u?
11
Suppose -6*p = -382 - 146. What are the prime factors of p?
2, 11
Suppose -3*p = -0*m + m - 262, 4*p + 3*m = 351. List the prime factors of p.
3, 29
Let s(k) = -k + 10*k**2 + 2 - 5*k**2 - 2*k - k**3. What are the prime factors of s(3)?
11
Suppose 3*s = -q + 30, 2*q + 0*q - 85 = -s. List the prime factors of 1*(-2)/(-6)*q.
3, 5
Let t be 0 - -2*(-15)/2. List the prime factors of 2 + (2 + -4)*t.
2
Suppose 4*h - a - 6 = 0, 0*h + h + 4*a = -7. Let c be 0*3/9*3. What are the prime factors of -2 + c - (-12 - h)?
11
Suppose -2*j = 0, 2*n - j - 7 + 1 = 0. Suppose -4 = n*f - 103. Suppose l + 2*l - f = 0. What are the prime factors of l?
11
Let o be 1/4 + 57/12. Suppose -2*r = -2, 4*y - r = -o - 4. Let x(w) = w**3 + 4*w**2 + 4*w + 2. What are the prime factors of x(y)?
2
Let o(a) = a**2 - 3*a + 1. Let j be (52/12)/((-1)/3). Let s = j + 18. What are the prime factors of o(s)?
11
Let s(v) = 7*v**3 - 3*v**2 + 4*v - 3. Let f be s(2). Let y = -28 + f. What are the prime factors of y?
3, 7
Let q(z) = 13*z - 20. List the prime factors of q(9).
97
Let m(k) = -k**3 - 3*k**2 + 5*k + 4. Let g be m(-4). Suppose g = u - 20 + 3. List the prime factors of u.
17
Suppose 65*d + 218 = 67*d. What are the prime factors of d?
109
Let z(f) = -4*f + 1. Let d(h) = h**3 + 4*h**2 - 2*h - 4. Let i be d(-4). Let u be z(i). Let j = u + 27. List the prime factors of j.
2, 3
What are the prime factors of 3